nd 47700399?
3
Calculate the highest common factor of 515 and 336769315.
515
What is the highest common divisor of 402 and 2549706?
6
Calculate the highest common factor of 1195 and 320774567.
239
What is the greatest common factor of 1476 and 3367863?
369
What is the highest common factor of 215196 and 15484?
316
What is the greatest common factor of 15702 and 109340877?
7851
Calculate the highest common divisor of 18945783 and 94833.
2313
Calculate the highest common divisor of 19 and 458654851.
19
Calculate the greatest common divisor of 27 and 748444.
1
Calculate the greatest common factor of 37212 and 1588972.
28
What is the greatest common divisor of 7336 and 68964?
28
What is the highest common divisor of 449394 and 57112?
242
What is the greatest common factor of 7560594 and 144?
18
Calculate the highest common factor of 1862372 and 28352.
1772
What is the greatest common divisor of 4 and 65701819?
1
Calculate the greatest common divisor of 335 and 1255124735.
335
Calculate the greatest common factor of 3658 and 70233600.
3658
Calculate the highest common factor of 64 and 174496256.
64
What is the highest common divisor of 21360 and 52599?
267
What is the highest common factor of 182580 and 222785?
85
What is the highest common factor of 2198096 and 151048?
632
Calculate the highest common factor of 138093165 and 630.
315
What is the greatest common factor of 39018230 and 4080?
170
What is the highest common divisor of 224579477 and 113?
113
What is the highest common divisor of 47843080 and 40?
40
What is the highest common factor of 70633 and 3827545?
1909
Calculate the highest common divisor of 48214053 and 451511.
12203
Calculate the highest common divisor of 39668662 and 407.
407
Calculate the highest common factor of 1974 and 457.
1
What is the greatest common divisor of 118800 and 728475?
825
Calculate the highest common factor of 23955 and 3495.
15
Calculate the highest common divisor of 494 and 53654081.
247
What is the greatest common factor of 7889814 and 332?
166
What is the highest common divisor of 918 and 1115316?
54
Calculate the greatest common factor of 40 and 1122690.
10
What is the highest common divisor of 3222 and 42408322?
358
What is the greatest common divisor of 112 and 148996344?
56
What is the highest common factor of 900 and 111?
3
What is the greatest common divisor of 3480 and 2405260?
580
What is the highest common divisor of 561 and 1146531?
51
Calculate the greatest common divisor of 7614 and 1130598.
162
What is the greatest common factor of 2035 and 31076485?
2035
Calculate the highest common factor of 3 and 30746973.
3
Calculate the highest common factor of 85267 and 4571.
7
Calculate the highest common divisor of 14529679 and 85.
17
Calculate the greatest common factor of 81 and 15104232.
81
Calculate the highest common divisor of 382995 and 297.
27
What is the greatest common factor of 25664975 and 2450?
1225
Calculate the highest common divisor of 51442 and 8785991.
1513
Calculate the highest common factor of 69158060 and 9730.
1390
What is the greatest common divisor of 88634 and 2561?
13
What is the highest common factor of 428887881 and 5211?
1737
Calculate the highest common factor of 1469271 and 10392241.
6709
What is the greatest common factor of 2912104 and 494?
26
Calculate the greatest common factor of 20835388 and 21.
7
What is the highest common divisor of 176 and 1160388724?
44
What is the greatest common factor of 641372 and 48?
4
Calculate the highest common divisor of 297779818 and 266.
266
Calculate the greatest common divisor of 119492523 and 1593.
1593
What is the highest common factor of 240261 and 9289?
7
What is the greatest common divisor of 4081832 and 8456?
1208
What is the highest common factor of 1178793 and 59752?
77
Calculate the greatest common divisor of 49 and 30329971.
49
What is the highest common factor of 1016400 and 1319505?
1815
What is the greatest common factor of 67441 and 1166?
11
What is the greatest common factor of 273 and 2366059605?
273
What is the highest common divisor of 785039 and 871?
67
What is the greatest common divisor of 16731 and 8033753?
169
What is the greatest common divisor of 585 and 85652541?
117
Calculate the highest common factor of 1060230 and 7670.
590
What is the greatest common divisor of 279 and 29674440?
279
Calculate the highest common divisor of 1854 and 19005663.
309
Calculate the greatest common factor of 35352525 and 1010.
505
What is the highest common divisor of 1147310 and 130510?
310
Calculate the highest common divisor of 365256 and 424.
8
Calculate the highest common divisor of 6160 and 351890.
770
What is the highest common factor of 39215 and 233244?
341
Calculate the highest common divisor of 73634568 and 28.
28
Calculate the highest common divisor of 805 and 61637170.
35
What is the highest common factor of 189676669 and 52?
13
What is the highest common factor of 96 and 362568912?
48
What is the greatest common divisor of 70 and 21344134?
14
Calculate the highest common factor of 144889806 and 6.
6
Calculate the highest common divisor of 15168 and 12288.
192
Calculate the highest common factor of 668850 and 28938.
546
Calculate the greatest common divisor of 210 and 378172410.
210
Calculate the highest common divisor of 32580 and 1220760.
180
What is the highest common divisor of 333452 and 2492?
28
What is the greatest common factor of 356 and 1333174610?
178
Calculate the greatest common divisor of 375550 and 611758.
518
Calculate the highest common divisor of 7748 and 1116284.
52
Calculate the highest common factor of 34 and 121165647.
17
Calculate the greatest common factor of 71366712 and 279.
93
Calculate the highest common factor of 150701 and 1836923.
4073
Calculate the highest common divisor of 2551948 and 644.
28
Calculate the greatest common divisor of 19876 and 56701259.
4969
What is the greatest common divisor of 3729754 and 826?
14
Calculate the greatest common factor of 46507826 and 18158.
2594
What is the greatest common factor of 625004 and 10496?
164
Calculate the greatest common factor of 142048390 and 880.
110
Calculate the greatest common factor of 652665468 and 1638.
546
Calculate the greatest common divisor of 71263348 and 104.
52
Calculate the highest common factor of 838 and 59673142.
838
Calculate the greatest common factor of 80 and 1104882848.
16
Calculate the greatest common factor of 11109 and 10045710.
1587
Calculate the highest common divisor of 13419 and 1050441.
21
What is the greatest common factor of 471852 and 1332?
36
What is the greatest common factor of 2192 and 186704696?
1096
Calculate the highest common divisor of 1157 and 4277429.
1157
What is the highest common divisor of 652 and 69946234?
326
What is the highest common factor of 242016 and 7356?
12
What is the greatest common factor of 2034680 and 120?
40
Calculate the greatest common factor of 53613 and 38253600.
1449
Calculate the highest common divisor of 104 and 128872783.
13
What is the highest common divisor of 29888 and 635587?
467
What is the greatest common factor of 143308232 and 306?
34
Calculate the highest common factor of 20750 and 6613025.
2075
What is the highest common divisor of 811 and 22814241?
811
What is the greatest common factor of 2 and 299870306?
2
Calculate the greatest common factor of 285 and 394725855.
285
Calculate the greatest common factor of 1260870 and 1326.
78
Calculate the greatest common factor of 72944112 and 16.
16
What is the greatest common divisor of 37102260 and 45?
15
Calculate the highest common factor of 1457395 and 85405.
2755
What is the highest common divisor of 10854405 and 54?
27
What is the highest common factor of 47080 and 951280?
440
Calculate the highest common factor of 11752 and 1817379.
113
Calculate the greatest common divisor of 4599 and 6609420.
657
What is the highest common divisor of 190472 and 161327?
29
What is the greatest common divisor of 82200 and 1216770?
30
What is the greatest common factor of 468794092 and 572?
52
Calculate the greatest common divisor of 105851 and 445752.
151
What is the highest common factor of 39871 and 60437?
13
Calculate the greatest common divisor of 66 and 70382202.
66
What is the greatest common factor of 408028